
True
Is 8628967 prime?
True
Is 158445767 prime?
False
Is 916213 a composite number?
False
Is 62334061 a composite number?
False
Is 82833185 composite?
True
Is 5647471 a composite number?
False
Is 57190541 a composite number?
False
Is 15397793 a prime number?
False
Is 58391 prime?
True
Is 3815111 prime?
True
Is 35066287 prime?
True
Is 225478573 prime?
False
Is 1740907 prime?
False
Is 1926133 composite?
True
Is 1569691 a composite number?
True
Is 8313473 composite?
True
Is 1553962693 a prime number?
True
Is 744841 composite?
True
Is 964253 a composite number?
False
Is 127988489 a composite number?
False
Is 17880861 composite?
True
Is 2478603 composite?
True
Is 19488421 a composite number?
False
Is 633499 prime?
False
Is 47726573 a composite number?
True
Is 843677 composite?
False
Is 51379 prime?
False
Is 2471299 a composite number?
False
Is 6004837 a prime number?
True
Is 518809619 prime?
True
Is 6415649 a prime number?
True
Is 191171 prime?
False
Is 96205537 prime?
True
Is 119947943 prime?
True
Is 10797857 a composite number?
True
Is 1964906 a prime number?
False
Is 2798039 composite?
True
Is 299648959 composite?
True
Is 1428785 prime?
False
Is 62399587 a composite number?
True
Is 320982923 a composite number?
False
Is 328571 composite?
True
Is 351643 a prime number?
True
Is 58142611 a prime number?
False
Is 2560253 composite?
True
Is 88574137 a composite number?
False
Is 8446829 composite?
False
Is 19195217 a prime number?
True
Is 979969 a prime number?
True
Is 29328941 a composite number?
True
Is 18749987 a composite number?
True
Is 3698029 prime?
True
Is 21911 a composite number?
False
Is 9643973 composite?
False
Is 882719 a composite number?
False
Is 29202283 a prime number?
False
Is 77548241 a prime number?
True
Is 5443609 a prime number?
True
Is 25601627 a composite number?
True
Is 3732527 a prime number?
False
Is 2336781 prime?
False
Is 1402245157 a prime number?
True
Is 317850257 composite?
False
Is 31704283 prime?
False
Is 123284113 a prime number?
False
Is 497299393 a composite number?
True
Is 7292563 a prime number?
True
Is 291053687 a composite number?
True
Is 103107139 a composite number?
False
Is 50598589 composite?
True
Is 1461919 prime?
False
Is 4456213 a prime number?
True
Is 32595727 prime?
True
Is 95291 a prime number?
False
Is 17963683 a composite number?
True
Is 3464201 prime?
False
Is 50593811 a prime number?
True
Is 832859 prime?
False
Is 174398611 composite?
True
Is 318044921 composite?
True
Is 500303963 composite?
True
Is 5149783 composite?
False
Is 21513061 a prime number?
True
Is 142710899 a composite number?
False
Is 683807 a prime number?
True
Is 4805357 prime?
True
Is 9127211 a prime number?
False
Is 346810067 a prime number?
True
Is 472400107 a composite number?
True
Is 563410513 a composite number?
True
Is 21401389 prime?
True
Is 376340119 composite?
True
Is 188377655 composite?
True
Is 2782083 a composite number?
True
Is 72212417 composite?
False
Is 1742777 composite?
True
Is 81987835 a prime number?
False
Is 54555731 prime?
False
Is 1939609 a prime number?
False
Is 345157 a composite number?
True
Is 39707 a prime number?
False
Is 2652473 a prime number?
True
Is 72753167 a composite number?
True
Is 45242653 a prime number?
True
Is 2181623 prime?
False
Is 210498121 composite?
True
Is 16247303 a prime number?
True
Is 253073 prime?
False
Is 1494209 a composite number?
True
Is 31108391 prime?
True
Is 5774278 a prime number?
False
Is 272759 a composite number?
False
Is 12084833 a composite number?
False
Is 17480857 composite?
False
Is 1201097 composite?
False
Is 6426757 prime?
True
Is 538679 prime?
False
Is 285692551 a composite number?
True
Is 3611611 a prime number?
False
Is 26343157 a composite number?
False
Is 5266463 prime?
True
Is 23017979 prime?
True
Is 2052816279 a prime number?
False
Is 158995699 prime?
False
Is 7252727 composite?
True
Is 109852877 composite?
True
Is 179417521 a prime number?
True
Is 2487047 a prime number?
True
Is 456771467 a prime number?
False
Is 194570411 a composite number?
True
Is 23115383 a prime number?
True
Is 429130691 a prime number?
False
Is 24547967 composite?
False
Is 33507137 a prime number?
True
Is 115165819 a prime number?
True
Is 166336691 a composite number?
True
Is 156318013 a prime number?
True
Is 20269021 prime?
True
Is 1594103 a composite number?
True
Is 4811831 a prime number?
True
Is 12763337 composite?
True
Is 3722093 prime?
False
Is 4956139 prime?
True
Is 1416449 a prime number?
True
Is 15867617 a prime number?
False
Is 89303 prime?
True
Is 331764887 a composite number?
False
Is 51914969 a prime number?
True
Is 2028643 prime?
True
Is 11125153 a composite number?
True
Is 6902711 composite?
False
Is 45931499 a prime number?
True
Is 102982193 composite?
False
Is 2321281 a composite number?
False
Is 5332639 a composite number?
True
Is 2009257 a prime number?
False
Is 25973881 a prime number?
False
Is 571243 a prime number?
False
Is 9947893 composite?
True
Is 4867451 composite?
False
Is 3144137 prime?
True
Is 2963461 composite?
True
Is 5800459 a prime number?
False
Is 2529053 composite?
True
Is 14802433 a composite number?
False
Is 24527579 a composite number?
True
Is 15880303 composite?
False
Is 3990281 prime?
True
Is 45371897 a composite number?
False
Is 20545913 composite?
True
Is 1299941 composite?
False
Is 5891203 a prime number?
True
Is 707302147 prime?
True
Is 172647667 a composite number?
True
Is 228494939 a composite number?
True
Is 436993 prime?
True
Is 5342219 composite?
False
Is 19041241 prime?
False
Is 19457947 a prime number?
True
Is 39067279 composite?
False
Is 294479 composite?
False
Is 79190297 a prime number?
False
Is 30183271 prime?
True
Is 114809 composite?
False
Is 1374973 composite?
True
Is 5686565 a prime number?
False
Is 96431 a prime number?
True
Is 158092643 a prime number?
False
Is 6656713 a composite number?
True
Is 67269413 a composite number?
False
Is 15021619 a prime number?
True
Is 528094549 a prime number?
True
Is 11672515 prime?
False
Is 119080531 prime?
True
Is 472309 prime?
True
Is 264209 a prime number?
False
Is 241509683 a prime number?
False
Is 1304083547 a composite number?
True
Is 324935063 composite?
True
Is 149488085 composite?
True
Is 8973493 a prime number?
True
Is 10628063 prime?
False
Is 6073462 a prime number?
False
Is 152205103 composite?
False
Is 47119507 prime?
True
Is 5469115 composite?
True
Is 133403 prime?
True
Is 65840347 prime?
True
Is 65181 prime?
False
Is 1464779 a prime number?
False
Is 19029059 composite?
True
Is 4958957 composite?
False
Is 4512617 a prime number?
True
Is 302723 prime?
True
Is 8101921 prime?
False
Is 40742443 composite?
True
Is 22405447 a composite number?
True
Is 287329213 a composite number?
False
Is 7441754 prime?
False
Is 7852729 composite?
True
Is 72097 composite?
True
Is 27010679 a composite number?
False
Is 17328901 a prime number?
True
Is 14073973 prime?
False
Is 40570487 prime?
True
Is 60570505 prime?
False
Is 7238537 composite?
True
Is 77721443 composite?
False
Is 269417221 a composite number?
True
Is 33176041 a composite number?
False
Is 2276782 prime?
False
Is 134613931 a composite number?
False
Is 357767 a prime number?
True
Is 52640839 a prime number?
True
Is 128381573 a prime number?
False
Is 564013 composite?
False
Is 229638977 a composite number?
True
Is 6525349 a composite number?
False
Is 140149981 prime?
True
Is 27870707 a composite number?
False
Is 46569971 a prime number?
False
Is 771163 prime?
True
Is 80293 prime?
False
Is 48392419 composite?
False
Is 255413 prime?
True
Is 2712005 a prime number?
False
Is 452107 a composite number?
True
Is 5447237 composite?
True
Is 27293909 a prime number?
True
Is 4510477 prime?
True
Is 63634199 composite?
True
Is 41347429 prime?
False
Is 6551291 a prime number?
True
Is 7988197 composite?
True
Is 589879327 a prime number?
True
Is 2883697 composite?
False
Is 7904483 a prime number?
True
Is 9318103 composite?
False
Is 10575881 prime?
True
Is 6286897 prime?
False
Is 275586134 composite?
True
Is 169153735 a composite number?
True
Is 17701351 prime?
True
Is 14346299 a prime number?
False
Is 115116439 a composite number?
True
Is 732643 a composite number?
True
Is 43340267 a prime number?
False
Is 1241137 a composite number?
True
Is 21512